?
8
What is the hundreds digit of 4028580?
5
What is the hundred thousands digit of 9878278?
8
What is the hundreds digit of 2764417?
4
What is the hundreds digit of 31088?
0
What is the ten millions digit of 17123452?
1
What is the hundred thousands digit of 42195136?
1
What is the hundreds digit of 426812?
8
What is the thousands digit of 6713966?
3
What is the tens digit of 615911?
1
What is the hundred thousands digit of 247468?
2
What is the hundreds digit of 7059948?
9
What is the ten thousands digit of 10386257?
8
What is the hundreds digit of 3299118?
1
What is the ten thousands digit of 9409173?
0
What is the ten thousands digit of 25297374?
9
What is the units digit of 5733126?
6
What is the hundreds digit of 64124?
1
What is the hundred thousands digit of 1962438?
9
What is the units digit of 533059?
9
What is the thousands digit of 14246343?
6
What is the hundreds digit of 121081?
0
What is the thousands digit of 188702?
8
What is the hundred thousands digit of 5928739?
9
What is the units digit of 254262?
2
What is the ten thousands digit of 3396165?
9
What is the units digit of 274725?
5
What is the units digit of 210876?
6
What is the ten thousands digit of 163298?
6
What is the hundreds digit of 4786095?
0
What is the tens digit of 3540?
4
What is the tens digit of 888043?
4
What is the millions digit of 1438714?
1
What is the ten thousands digit of 2977544?
7
What is the units digit of 2379175?
5
What is the ten millions digit of 17193242?
1
What is the thousands digit of 3148266?
8
What is the thousands digit of 808618?
8
What is the thousands digit of 5580332?
0
What is the hundred thousands digit of 328930?
3
What is the hundred thousands digit of 129380?
1
What is the ten thousands digit of 471000?
7
What is the ten thousands digit of 12163417?
6
What is the tens digit of 2993500?
0
What is the units digit of 13404?
4
What is the hundreds digit of 35089?
0
What is the hundreds digit of 249305?
3
What is the hundred thousands digit of 3058554?
0
What is the ten thousands digit of 4813936?
1
What is the tens digit of 1665281?
8
What is the units digit of 167521?
1
What is the units digit of 20355180?
0
What is the ten thousands digit of 39469749?
6
What is the hundred thousands digit of 6943902?
9
What is the units digit of 7809644?
4
What is the thousands digit of 813773?
3
What is the hundreds digit of 12906654?
6
What is the ten thousands digit of 330596?
3
What is the hundred thousands digit of 208754?
2
What is the units digit of 3878?
8
What is the hundreds digit of 752735?
7
What is the hundred thousands digit of 1698700?
6
What is the thousands digit of 935035?
5
What is the thousands digit of 56369?
6
What is the ten millions digit of 30077610?
3
What is the ten millions digit of 17229063?
1
What is the millions digit of 3544315?
3
What is the hundreds digit of 57266?
2
What is the millions digit of 5170679?
5
What is the millions digit of 9168236?
9
What is the thousands digit of 361989?
1
What is the thousands digit of 212680?
2
What is the hundred thousands digit of 4232933?
2
What is the tens digit of 384869?
6
What is the thousands digit of 52517?
2
What is the thousands digit of 2889960?
9
What is the ten thousands digit of 181637?
8
What is the ten thousands digit of 31215317?
1
What is the thousands digit of 286082?
6
What is the units digit of 10074709?
9
What is the units digit of 673844?
4
What is the ten thousands digit of 175206?
7
What is the thousands digit of 428127?
8
What is the tens digit of 1389594?
9
What is the thousands digit of 755070?
5
What is the ten thousands digit of 816118?
1
What is the units digit of 766586?
6
What is the units digit of 2640590?
0
What is the units digit of 1736829?
9
What is the hundreds digit of 25808191?
1
What is the hundreds digit of 473577?
5
What is the tens digit of 353506?
0
What is the millions digit of 10838599?
0
What is the units digit of 5188190?
0
What is the thousands digit of 143714?
3
What is the hundreds digit of 550769?
7
What is the units digit of 223407?
7
What is the millions digit of 1925375?
1
What is the hundreds digit of 135254?
2
What is the hundreds digit of 6665557?
5
What is the tens digit of 2584411?
1
What is the units digit of 1008484?
4
What is the hundreds digit of 64534?
5
What is the ten thousands digit of 2858566?
5
What is the ten thousands digit of 1828631?
2
What is the ten thousands digit of 205018?
0
What is the tens digit of 218797?
9
What is the units digit of 139605?
5
What is the ten thousands digit of 37099?
3
What is the tens digit of 480645?
4
What is the tens digit of 165956?
5
What is the ten thousands digit of 451673?
5
What is the tens digit of 683578?
7
What is the millions digit of 25447055?
5
What is the ten thousands digit of 1879024?
7
What is the thousands digit of 2789541?
9
What is the hundred thousands digit of 282647?
2
What is the thousands digit of 271665?
1
What is the thousands digit of 426398?
6
What is the millions digit of 2781798?
2
What is the ten thousands digit of 10451376?
5
What is the hundred thousands digit of 2405540?
4
What is the millions digit of 18810442?
8
What is the hundreds digit of 222005?
0
What is the hundred thousands digit of 835755?
8
What is the thousands digit of 106301?
6
What is the thousands digit of 14998903?
8
What is the tens digit of 610395?
9
What is the units digit of 445283?
3
What is the thousands digit of 2023855?
3
What is the hundred thousands digit of 11365251?
3
What is the tens digit of 4015586?
8
What is the tens digit of 16198715?
1
What is the tens digit of 2245831?
3
What is the thousands digit of 706578?
6
What is the units digit of 568807?
7
What is the thousands digit of 81558?
1
What is the units digit of 188980?
0
What is the units digit of 344821?
1
What is the hundred thousands digit of 4562301?
5
What is the ten thousands digit of 3822488?
2
What is the thousands digit of 455238?
5
What is the ten thousands digit of 3655044?
5
What is the ten thousands digit of 1485077?
8
What is the hundreds digit of 31124?
1
What is the hundred thousands digit of 612317?
6
What is the hundreds digit of 9918837?
8
What is the hundred thousands digit of 1976922?
9
What is the hundreds digit of 867899?
8
What is the thousands digit of 7244459?
4
What is the hundred thousands digit of 4666479?
6
What is the hundred thousands digit of 557034?
5
What is the hundred thousands digit of 187768?
1
What is the units digit of 1205083?
3
What is the tens digit of 795920?
2
What is the thousands digit of 1490924?
0
What is the hundred thousands digit of 2082075?
0
What is the ten thousands digit of 2018658?
1
What is the ten thousands digit of 5939854?
3
What is the units digit of 355391?
1
What is the ten thousands digit of 190907?
9
What is the hundreds digit of 3354853?
8
What is the hundreds digit of 41852?
8
What is the thousands digit of 891334?
1
What is the ten thousands digit of 697004?
9
What is the millions digit of 1952347?
1
What is the thousands digit of 4507608?
7
What is the thousands digit of 15879?
5
What is the millions digit of 2956344?
2
What is the ten thousands digit of 2590940?
9
What is the hundreds digit of 210518?
5
What is the millions digit of 1360779?
1
What is the thousands digit of 14754200?
4
What is the tens digit of 42015?
1
What is the hundreds digit of 155541?
5
What is the hundred thousands digit of 2286860?
2
What is the thousands digit of 1407140?
7
What is the ten millions digit of 19281183?
1
What is the tens digit of 9911026?
2
What is the ten thousands digit of 5787768?
8
What is the ten thousands digit of 99737?
9
What is the tens digit of 134614?
1
What is the tens digit of 1778033?
3
What is the tens digit of 819946?
4
What is the tens digit of 550963?
6
What is the hundred thousands digit of 2046124?
0
What is the tens digit of 190386?
8
What is the ten thousands digit of 346243?
4
What is the thousands digit of 193603?
3
What is the units digit of 2257413?
3
What is the units digit of 2658281?
1
What is the thousands digit of 257632?
7
What is the units digit of 368004?
4
What is the units digit of 282769?
9
What is the thousands digit of 77031?
7
What is the thousands digit of 5139987?
9
What is the thousands digit of 